{"id":68,"date":"2023-10-02T15:32:03","date_gmt":"2023-10-02T13:32:03","guid":{"rendered":"https:\/\/www.ai-fyi.blog\/?page_id=68"},"modified":"2023-10-03T13:04:50","modified_gmt":"2023-10-03T11:04:50","slug":"mission","status":"publish","type":"page","link":"https:\/\/www.ai-fyi.blog\/index.php\/mission\/","title":{"rendered":"Mission"},"content":{"rendered":"\n<p>La mission du blog <strong><em>AI Fyi<\/em><\/strong> est de stimuler l&rsquo;\u00e9volution des professions face \u00e0 l&rsquo;essor de l&rsquo;IA en \u00e9duquant les professionnels francophones. Il vise \u00e0 les tenir au courant des derni\u00e8res avanc\u00e9es de l&rsquo;IA et \u00e0 les aider \u00e0 mettre \u00e0 jour leurs comp\u00e9tences dans ce domaine en constante \u00e9volution.<\/p>\n\n\n\n<h3 class=\"wp-block-heading\">Pourquoi faut-il se tenir au courant de l&rsquo;\u00e9volution de l&rsquo;IA ?<\/h3>\n\n\n\n<p>La r\u00e9volution de l&rsquo;IA est en train de transformer de nombreux secteurs professionnels, et il est crucial de rester \u00e0 jour afin de ne pas \u00eatre laiss\u00e9s pour compte. En vous tenant inform\u00e9s des avanc\u00e9es de l&rsquo;IA, vous pourrez anticiper les changements et adapter vos comp\u00e9tences en cons\u00e9quence. <\/p>\n\n\n\n<p>Vous pourrez ainsi saisir de nouvelles opportunit\u00e9s d&#8217;emploi et de carri\u00e8re. En effet, de nombreuses entreprises recherchent actuellement des experts en IA pour d\u00e9velopper de nouvelles solutions et am\u00e9liorer leurs processus. <\/p>\n\n\n\n<p>L&rsquo;IA est un domaine en constante \u00e9volution, le ma\u00eetriser vous permettra de rester comp\u00e9titifs sur le march\u00e9 du travail et de continuer \u00e0 vous d\u00e9velopper professionnellement.<\/p>\n\n\n\n<h3 class=\"wp-block-heading\">Comment le blog <strong>AI Fyi pe<\/strong>ut-il vous aider ?<\/h3>\n\n\n\n<p>Le blog <em><strong>AI Fyi<\/strong> <\/em>vous fournira des informations actualis\u00e9es et en fran\u00e7ais sur l&rsquo;\u00e9volution de l&rsquo;IA et vous aidera \u00e0 vous tenir au courant des derni\u00e8res avanc\u00e9es technologiques. Ses articles, tutoriels et ressources vous permettront de mettre \u00e0 jour vos comp\u00e9tences en mati\u00e8re d&rsquo;IA et de rester comp\u00e9titifs sur le march\u00e9 du travail. <\/p>\n\n\n\n<p><\/p>\n\n\n\n<h2 class=\"wp-block-heading\"><\/h2>\n","protected":false},"excerpt":{"rendered":"<p>La mission du blog AI Fyi est de stimuler l&rsquo;\u00e9volution des professions face \u00e0 l&rsquo;essor de l&rsquo;IA en \u00e9duquant les professionnels francophones. Il vise \u00e0&#8230;<\/p>\n<div class=\"more-link-wrapper\"><a class=\"more-link\" href=\"https:\/\/www.ai-fyi.blog\/index.php\/mission\/\">Lire la suite<span class=\"screen-reader-text\">Mission<\/span><\/a><\/div>\n","protected":false},"author":1,"featured_media":46,"parent":0,"menu_order":0,"comment_status":"open","ping_status":"closed","template":"","meta":{"footnotes":""},"class_list":["post-68","page","type-page","status-publish","has-post-thumbnail","hentry","entry"],"yoast_head":"<!-- This site is optimized with the Yoast SEO plugin v27.4 - https:\/\/yoast.com\/product\/yoast-seo-wordpress\/ -->\n<title>Mission - AI Fyi<\/title>\n<meta name=\"robots\" content=\"index, follow, max-snippet:-1, max-image-preview:large, max-video-preview:-1\" \/>\n<link rel=\"canonical\" href=\"https:\/\/www.ai-fyi.blog\/index.php\/mission\/\" \/>\n<meta property=\"og:locale\" content=\"fr_FR\" \/>\n<meta property=\"og:type\" content=\"article\" \/>\n<meta property=\"og:title\" content=\"Mission - AI Fyi\" \/>\n<meta property=\"og:description\" content=\"La mission du blog AI Fyi est de stimuler l&rsquo;\u00e9volution des professions face \u00e0 l&rsquo;essor de l&rsquo;IA en \u00e9duquant les professionnels francophones. Il vise \u00e0&#8230;\" \/>\n<meta property=\"og:url\" content=\"https:\/\/www.ai-fyi.blog\/index.php\/mission\/\" \/>\n<meta property=\"og:site_name\" content=\"AI Fyi\" \/>\n<meta property=\"article:publisher\" content=\"https:\/\/www.facebook.com\/profile.php?id=61551924836524\" \/>\n<meta property=\"article:modified_time\" content=\"2023-10-03T11:04:50+00:00\" \/>\n<meta property=\"og:image\" content=\"https:\/\/www.ai-fyi.blog\/wp-content\/uploads\/2023\/10\/stephanie_colonizemars_a_human_and_a_robot_AI_shaking_hands_whi_ea51ce06-d63f-4d37-acb7-05c61218092d.png\" \/>\n\t<meta property=\"og:image:width\" content=\"1024\" \/>\n\t<meta property=\"og:image:height\" content=\"1024\" \/>\n\t<meta property=\"og:image:type\" content=\"image\/png\" \/>\n<meta name=\"twitter:card\" content=\"summary_large_image\" \/>\n<meta name=\"twitter:site\" content=\"@AI_Fyi_blog\" \/>\n<meta name=\"twitter:label1\" content=\"Dur\u00e9e de lecture estim\u00e9e\" \/>\n\t<meta name=\"twitter:data1\" content=\"2 minutes\" \/>\n<script type=\"application\/ld+json\" class=\"yoast-schema-graph\">{\"@context\":\"https:\\\/\\\/schema.org\",\"@graph\":[{\"@type\":\"WebPage\",\"@id\":\"https:\\\/\\\/www.ai-fyi.blog\\\/index.php\\\/mission\\\/\",\"url\":\"https:\\\/\\\/www.ai-fyi.blog\\\/index.php\\\/mission\\\/\",\"name\":\"Mission - AI Fyi\",\"isPartOf\":{\"@id\":\"https:\\\/\\\/www.ai-fyi.blog\\\/#website\"},\"primaryImageOfPage\":{\"@id\":\"https:\\\/\\\/www.ai-fyi.blog\\\/index.php\\\/mission\\\/#primaryimage\"},\"image\":{\"@id\":\"https:\\\/\\\/www.ai-fyi.blog\\\/index.php\\\/mission\\\/#primaryimage\"},\"thumbnailUrl\":\"https:\\\/\\\/www.ai-fyi.blog\\\/wp-content\\\/uploads\\\/2023\\\/10\\\/stephanie_colonizemars_a_human_and_a_robot_AI_shaking_hands_whi_ea51ce06-d63f-4d37-acb7-05c61218092d.png\",\"datePublished\":\"2023-10-02T13:32:03+00:00\",\"dateModified\":\"2023-10-03T11:04:50+00:00\",\"breadcrumb\":{\"@id\":\"https:\\\/\\\/www.ai-fyi.blog\\\/index.php\\\/mission\\\/#breadcrumb\"},\"inLanguage\":\"fr-FR\",\"potentialAction\":[{\"@type\":\"ReadAction\",\"target\":[\"https:\\\/\\\/www.ai-fyi.blog\\\/index.php\\\/mission\\\/\"]}]},{\"@type\":\"ImageObject\",\"inLanguage\":\"fr-FR\",\"@id\":\"https:\\\/\\\/www.ai-fyi.blog\\\/index.php\\\/mission\\\/#primaryimage\",\"url\":\"https:\\\/\\\/www.ai-fyi.blog\\\/wp-content\\\/uploads\\\/2023\\\/10\\\/stephanie_colonizemars_a_human_and_a_robot_AI_shaking_hands_whi_ea51ce06-d63f-4d37-acb7-05c61218092d.png\",\"contentUrl\":\"https:\\\/\\\/www.ai-fyi.blog\\\/wp-content\\\/uploads\\\/2023\\\/10\\\/stephanie_colonizemars_a_human_and_a_robot_AI_shaking_hands_whi_ea51ce06-d63f-4d37-acb7-05c61218092d.png\",\"width\":1024,\"height\":1024},{\"@type\":\"BreadcrumbList\",\"@id\":\"https:\\\/\\\/www.ai-fyi.blog\\\/index.php\\\/mission\\\/#breadcrumb\",\"itemListElement\":[{\"@type\":\"ListItem\",\"position\":1,\"name\":\"Accueil\",\"item\":\"https:\\\/\\\/www.ai-fyi.blog\\\/\"},{\"@type\":\"ListItem\",\"position\":2,\"name\":\"Mission\"}]},{\"@type\":\"WebSite\",\"@id\":\"https:\\\/\\\/www.ai-fyi.blog\\\/#website\",\"url\":\"https:\\\/\\\/www.ai-fyi.blog\\\/\",\"name\":\"AI Fyi\",\"description\":\"\",\"publisher\":{\"@id\":\"https:\\\/\\\/www.ai-fyi.blog\\\/#organization\"},\"potentialAction\":[{\"@type\":\"SearchAction\",\"target\":{\"@type\":\"EntryPoint\",\"urlTemplate\":\"https:\\\/\\\/www.ai-fyi.blog\\\/?s={search_term_string}\"},\"query-input\":{\"@type\":\"PropertyValueSpecification\",\"valueRequired\":true,\"valueName\":\"search_term_string\"}}],\"inLanguage\":\"fr-FR\"},{\"@type\":\"Organization\",\"@id\":\"https:\\\/\\\/www.ai-fyi.blog\\\/#organization\",\"name\":\"AI Fyi\",\"url\":\"https:\\\/\\\/www.ai-fyi.blog\\\/\",\"logo\":{\"@type\":\"ImageObject\",\"inLanguage\":\"fr-FR\",\"@id\":\"https:\\\/\\\/www.ai-fyi.blog\\\/#\\\/schema\\\/logo\\\/image\\\/\",\"url\":\"https:\\\/\\\/www.ai-fyi.blog\\\/wp-content\\\/uploads\\\/2023\\\/10\\\/logo_educational3-modified.png\",\"contentUrl\":\"https:\\\/\\\/www.ai-fyi.blog\\\/wp-content\\\/uploads\\\/2023\\\/10\\\/logo_educational3-modified.png\",\"width\":729,\"height\":729,\"caption\":\"AI Fyi\"},\"image\":{\"@id\":\"https:\\\/\\\/www.ai-fyi.blog\\\/#\\\/schema\\\/logo\\\/image\\\/\"},\"sameAs\":[\"https:\\\/\\\/www.facebook.com\\\/profile.php?id=61551924836524\",\"https:\\\/\\\/x.com\\\/AI_Fyi_blog\",\"https:\\\/\\\/www.youtube.com\\\/@AI_Fyi\"]}]}<\/script>\n<!-- \/ Yoast SEO plugin. -->","yoast_head_json":{"title":"Mission - AI Fyi","robots":{"index":"index","follow":"follow","max-snippet":"max-snippet:-1","max-image-preview":"max-image-preview:large","max-video-preview":"max-video-preview:-1"},"canonical":"https:\/\/www.ai-fyi.blog\/index.php\/mission\/","og_locale":"fr_FR","og_type":"article","og_title":"Mission - AI Fyi","og_description":"La mission du blog AI Fyi est de stimuler l&rsquo;\u00e9volution des professions face \u00e0 l&rsquo;essor de l&rsquo;IA en \u00e9duquant les professionnels francophones. Il vise \u00e0&#8230;","og_url":"https:\/\/www.ai-fyi.blog\/index.php\/mission\/","og_site_name":"AI Fyi","article_publisher":"https:\/\/www.facebook.com\/profile.php?id=61551924836524","article_modified_time":"2023-10-03T11:04:50+00:00","og_image":[{"width":1024,"height":1024,"url":"https:\/\/www.ai-fyi.blog\/wp-content\/uploads\/2023\/10\/stephanie_colonizemars_a_human_and_a_robot_AI_shaking_hands_whi_ea51ce06-d63f-4d37-acb7-05c61218092d.png","type":"image\/png"}],"twitter_card":"summary_large_image","twitter_site":"@AI_Fyi_blog","twitter_misc":{"Dur\u00e9e de lecture estim\u00e9e":"2 minutes"},"schema":{"@context":"https:\/\/schema.org","@graph":[{"@type":"WebPage","@id":"https:\/\/www.ai-fyi.blog\/index.php\/mission\/","url":"https:\/\/www.ai-fyi.blog\/index.php\/mission\/","name":"Mission - AI Fyi","isPartOf":{"@id":"https:\/\/www.ai-fyi.blog\/#website"},"primaryImageOfPage":{"@id":"https:\/\/www.ai-fyi.blog\/index.php\/mission\/#primaryimage"},"image":{"@id":"https:\/\/www.ai-fyi.blog\/index.php\/mission\/#primaryimage"},"thumbnailUrl":"https:\/\/www.ai-fyi.blog\/wp-content\/uploads\/2023\/10\/stephanie_colonizemars_a_human_and_a_robot_AI_shaking_hands_whi_ea51ce06-d63f-4d37-acb7-05c61218092d.png","datePublished":"2023-10-02T13:32:03+00:00","dateModified":"2023-10-03T11:04:50+00:00","breadcrumb":{"@id":"https:\/\/www.ai-fyi.blog\/index.php\/mission\/#breadcrumb"},"inLanguage":"fr-FR","potentialAction":[{"@type":"ReadAction","target":["https:\/\/www.ai-fyi.blog\/index.php\/mission\/"]}]},{"@type":"ImageObject","inLanguage":"fr-FR","@id":"https:\/\/www.ai-fyi.blog\/index.php\/mission\/#primaryimage","url":"https:\/\/www.ai-fyi.blog\/wp-content\/uploads\/2023\/10\/stephanie_colonizemars_a_human_and_a_robot_AI_shaking_hands_whi_ea51ce06-d63f-4d37-acb7-05c61218092d.png","contentUrl":"https:\/\/www.ai-fyi.blog\/wp-content\/uploads\/2023\/10\/stephanie_colonizemars_a_human_and_a_robot_AI_shaking_hands_whi_ea51ce06-d63f-4d37-acb7-05c61218092d.png","width":1024,"height":1024},{"@type":"BreadcrumbList","@id":"https:\/\/www.ai-fyi.blog\/index.php\/mission\/#breadcrumb","itemListElement":[{"@type":"ListItem","position":1,"name":"Accueil","item":"https:\/\/www.ai-fyi.blog\/"},{"@type":"ListItem","position":2,"name":"Mission"}]},{"@type":"WebSite","@id":"https:\/\/www.ai-fyi.blog\/#website","url":"https:\/\/www.ai-fyi.blog\/","name":"AI Fyi","description":"","publisher":{"@id":"https:\/\/www.ai-fyi.blog\/#organization"},"potentialAction":[{"@type":"SearchAction","target":{"@type":"EntryPoint","urlTemplate":"https:\/\/www.ai-fyi.blog\/?s={search_term_string}"},"query-input":{"@type":"PropertyValueSpecification","valueRequired":true,"valueName":"search_term_string"}}],"inLanguage":"fr-FR"},{"@type":"Organization","@id":"https:\/\/www.ai-fyi.blog\/#organization","name":"AI Fyi","url":"https:\/\/www.ai-fyi.blog\/","logo":{"@type":"ImageObject","inLanguage":"fr-FR","@id":"https:\/\/www.ai-fyi.blog\/#\/schema\/logo\/image\/","url":"https:\/\/www.ai-fyi.blog\/wp-content\/uploads\/2023\/10\/logo_educational3-modified.png","contentUrl":"https:\/\/www.ai-fyi.blog\/wp-content\/uploads\/2023\/10\/logo_educational3-modified.png","width":729,"height":729,"caption":"AI Fyi"},"image":{"@id":"https:\/\/www.ai-fyi.blog\/#\/schema\/logo\/image\/"},"sameAs":["https:\/\/www.facebook.com\/profile.php?id=61551924836524","https:\/\/x.com\/AI_Fyi_blog","https:\/\/www.youtube.com\/@AI_Fyi"]}]}},"_links":{"self":[{"href":"https:\/\/www.ai-fyi.blog\/index.php\/wp-json\/wp\/v2\/pages\/68","targetHints":{"allow":["GET"]}}],"collection":[{"href":"https:\/\/www.ai-fyi.blog\/index.php\/wp-json\/wp\/v2\/pages"}],"about":[{"href":"https:\/\/www.ai-fyi.blog\/index.php\/wp-json\/wp\/v2\/types\/page"}],"author":[{"embeddable":true,"href":"https:\/\/www.ai-fyi.blog\/index.php\/wp-json\/wp\/v2\/users\/1"}],"replies":[{"embeddable":true,"href":"https:\/\/www.ai-fyi.blog\/index.php\/wp-json\/wp\/v2\/comments?post=68"}],"version-history":[{"count":5,"href":"https:\/\/www.ai-fyi.blog\/index.php\/wp-json\/wp\/v2\/pages\/68\/revisions"}],"predecessor-version":[{"id":105,"href":"https:\/\/www.ai-fyi.blog\/index.php\/wp-json\/wp\/v2\/pages\/68\/revisions\/105"}],"wp:featuredmedia":[{"embeddable":true,"href":"https:\/\/www.ai-fyi.blog\/index.php\/wp-json\/wp\/v2\/media\/46"}],"wp:attachment":[{"href":"https:\/\/www.ai-fyi.blog\/index.php\/wp-json\/wp\/v2\/media?parent=68"}],"curies":[{"name":"wp","href":"https:\/\/api.w.org\/{rel}","templated":true}]}}